{"id":359,"date":"2019-08-16T10:31:44","date_gmt":"2019-08-16T13:31:44","guid":{"rendered":"http:\/\/marceloj.com\/a\/?page_id=359"},"modified":"2019-08-29T17:54:04","modified_gmt":"2019-08-29T20:54:04","slug":"uma-historia-de-superacao-pode-ser-tambem-para-voce-transmissao","status":"publish","type":"page","link":"https:\/\/marceloj.com\/a\/uma-historia-de-superacao-pode-ser-tambem-para-voce-transmissao\/","title":{"rendered":"Uma hist\u00f3ria de Supera\u00e7\u00e3o &#8211; Pode ser tamb\u00e9m para voc\u00ea"},"content":{"rendered":"","protected":false},"excerpt":{"rendered":"","protected":false},"author":1,"featured_media":0,"parent":0,"menu_order":0,"comment_status":"closed","ping_status":"closed","template":"","meta":{"_joinchat":[],"footnotes":""},"class_list":["post-359","page","type-page","status-publish","hentry"],"_links":{"self":[{"href":"https:\/\/marceloj.com\/a\/wp-json\/wp\/v2\/pages\/359","targetHints":{"allow":["GET"]}}],"collection":[{"href":"https:\/\/marceloj.com\/a\/wp-json\/wp\/v2\/pages"}],"about":[{"href":"https:\/\/marceloj.com\/a\/wp-json\/wp\/v2\/types\/page"}],"author":[{"embeddable":true,"href":"https:\/\/marceloj.com\/a\/wp-json\/wp\/v2\/users\/1"}],"replies":[{"embeddable":true,"href":"https:\/\/marceloj.com\/a\/wp-json\/wp\/v2\/comments?post=359"}],"version-history":[{"count":9,"href":"https:\/\/marceloj.com\/a\/wp-json\/wp\/v2\/pages\/359\/revisions"}],"predecessor-version":[{"id":369,"href":"https:\/\/marceloj.com\/a\/wp-json\/wp\/v2\/pages\/359\/revisions\/369"}],"wp:attachment":[{"href":"https:\/\/marceloj.com\/a\/wp-json\/wp\/v2\/media?parent=359"}],"curies":[{"name":"wp","href":"https:\/\/api.w.org\/{rel}","templated":true}]}}